- 5/6*r**3 - 3*r. List the prime factors of y(-2).
7
Suppose 316 = 11*k - 1015. List the prime factors of k.
11
Let r(d) = d**2 - 5*d + 4. Let l be r(5). Let q be 3/12 - 1/l. Suppose q*o = 3*o - 15. List the prime factors of o.
5
Let p = 19 - 7. Suppose -17 = 4*d - v, -2*d + 4*d = -4*v + 14. Let o = d + p. List the prime factors of o.
3
Suppose 7*x - 152 = 23. What are the prime factors of x?
5
Suppose 5*l = 3*t + 540, -4*l - t + 410 = t. What are the prime factors of l?
3, 5, 7
Let v(u) be the third derivative of -u**6/120 - 7*u**5/60 + u**2. Let n be v(-7). Suppose -4*t + 26 = -2*d, t - 6*t - 3*d + 38 = n. List the prime factors of t.
7
Let u(t) = -t**3 + 7*t**2 + 4*t + 5. Let y(o) = 4*o - 1. Let w be y(2). List the prime factors of u(w).
3, 11
Let v(w) be the first derivative of 0*w**2 + 0*w + 11/3*w**3 + 2. List the prime factors of v(1).
11
Suppose -5*t + 44 = -y, -20 = -2*t - 2*y + 3*y. Let w(g) = 3*g + 14*g**2 + t - 3*g + 0*g**3 - 13*g - g**3. List the prime factors of w(13).
2
Let k = -11 - -16. Suppose 5*c - c = -2*y + 22, -2*y = k*c - 24. List the prime factors of y.
7
Let o(l) = -l**3 - 9*l**2 - 8*l + 24. Let g be o(-8). Let i be (-2)/(-4) - (-25)/2. Let h = g - i. List the prime factors of h.
11
Let x(h) = -h**2 - 8*h + 5. Let m be x(5). Let w = m - -103. Suppose -n = -5*j + 56, 6*j + n = 2*j + w. List the prime factors of j.
11
Let x(p) be the second derivative of -p**5/10 - 5*p**4/12 - p**3/2 - 2*p**2 - 3*p. What are the prime factors of x(-3)?
2, 7
Suppose -x - 42 = -3*x. Let o = x + -14. List the prime factors of o.
7
Let o = 7 + -5. Let j(f) = -2 + 1 - 5 + o*f. What are the prime factors of j(4)?
2
Suppose -4*j + 2*j = 6. List the prime factors of (-3 - 0) + (-54)/j.
3, 5
Let q be 1 + 3/(-1*3). Let r(h) = -5*h**2 + 1. Let m be r(1). Let u = q - m. What are the prime factors of u?
2
Let t(b) = 3*b**2 - 2. Let h be ((-16)/(-20))/((-2)/(-5)). Let q be t(h). Suppose -q = -0*n - 2*n. List the prime factors of n.
5
What are the prime factors of (2*-2)/2 + 1 + 14?
13
Let i = -95 - -155. Suppose -6*p = -p - i. List the prime factors of p.
2, 3
Suppose 0 = -3*w + w - 2*r + 66, -33 = -w + 4*r. List the prime factors of w.
3, 11
Suppose 4*c + i = 2*i - 6, 2*i + 6 = -c. Let o be 0 + 0 - 24/c. List the prime factors of 165/o + 1/4.
2, 7
Let y = 2 + -7. Let p = y - -5. Suppose t + 17 = 4*w, 0 = t - w + 2 - p. List the prime factors of t.
3
Let l(z) = z + 19. Let b be l(14). Let g = -20 + b. List the prime factors of g.
13
Let a be -2*((-153)/6)/(-3). Let b = -10 - a. Suppose -2*u - b = -l + 3, -30 = -3*l + 4*u. List the prime factors of l.
2, 5
Suppose -b + 4*b + 21 = -h, -8 = -2*b. What are the prime factors of 4/10 + h/(-5)?
7
Let o(a) = a**2 - 2*a + 8. List the prime factors of o(6).
2
Let o = 170 - 118. Suppose n + n = o. Let c = -16 + n. What are the prime factors of c?
2, 5
Let x(g) = 2*g**3 - 6*g**2 + 3*g - 7. What are the prime factors of x(5)?
2, 3
Suppose -3*b + 2*x + 306 = -233, 0 = -x + 2. List the prime factors of b.
181
Suppose -7*k - 5*k = -2652. List the prime factors of k.
13, 17
Suppose -6*b + 18 = 2*y - 2*b, 3*b + 9 = y. List the prime factors of y.
3
Suppose o - 85 = -3*f, -5*f + o + 50 = -3*f. List the prime factors of f.
3
List the prime factors of 4*(-1)/1 - -59.
5, 11
Let x = 20 - 14. Suppose -21 = -5*g - x. List the prime factors of g.
3
What are the prime factors of (-168)/(-16) + (-6)/(-4)?
2, 3
Suppose 2*y - 2 = -2*c + 6, 2*c = 10. What are the prime factors of ((-11)/22)/(y/14)?
7
Suppose 5*u - 2*u = 45. List the prime factors of u.
3, 5
Let w(r) = -r**3 - 6*r**2 + 6*r + 8. Let g be w(-7). Let k be (6/10)/(1/g). List the prime factors of ((-14)/6)/((-3)/k).
7
Let i(v) = v + 7. List the prime factors of i(6).
13
Let k = -13 + 18. Suppose -5*b - k*t - 5 = -0, 4*b - 2*t + 34 = 0. Let z(i) = i**2 + 3*i - 6. List the prime factors of z(b).
2, 3
Let n = -6 + 11. List the prime factors of n.
5
Let u = -2 + 2. Suppose u = 2*g - 20 - 52. List the prime factors of g.
2, 3
Let l be 8/28 + 57/21. Suppose -3*f = -l*x - 0*f + 90, 3*x - 2*f - 92 = 0. List the prime factors of x.
2
Let j(c) = 26*c**2 + 2*c - 1. Suppose 5 = 3*n + 2. What are the prime factors of j(n)?
3
Suppose 0*p + 3*p - 9 = 0. Let w be 2 + 1*(1 - 0). Suppose p*z - 3 - w = 0. List the prime factors of z.
2
List the prime factors of -31*3/3*-1.
31
Suppose 0 = 8*a - 220 - 1516. List the prime factors of a.
7, 31
Let u(k) = 17*k + 47. List the prime factors of u(7).
2, 83
Suppose y + 350 = 6*y. What are the prime factors of ((-2)/5)/((-2)/y)?
2, 7
Let c(f) = 3*f - 1 + 0*f**3 - 8 - f**3 + 6*f**2. List the prime factors of c(6).
3
Suppose -4*f = f + 25. Let u(j) = -j**3 - 6*j**2 - 6*j + 7. What are the prime factors of u(f)?
2, 3
Suppose k = 6 - 3. Suppose -h - 2*x = -25, -k*h - 54 = -5*h - 5*x. What are the prime factors of h?
17
Let t = 10 + 0. Let j be (-61)/(-5) - 2/t. List the prime factors of (18/j)/((-1)/(-2)).
3
Suppose 3*a = 1444 - 355. List the prime factors of a.
3, 11
Let z(j) = j**2 + 4*j + 3. Let y be z(-3). Suppose -64 = -y*n - 4*n. Let x = n - 6. What are the prime factors of x?
2, 5
Suppose 0 = -0*q - q - 4. Let k = q + 47. List the prime factors of k.
43
List the prime factors of (-820)/(-25) + (-1)/(-5).
3, 11
Suppose 0 = -3*o - 3, 4*g + 2*o = -3*o + 3. What are the prime factors of 21*(g - (2 - 1))?
3, 7
Let u(m) = m**2 + 6*m - 7. Let l be -10 + 0 + (6 - 6). List the prime factors of u(l).
3, 11
Let d(z) = 4*z**3 - 7 - 12*z - 2*z**3 - z**3 + 8*z**2. Let w be d(-9). List the prime factors of 8/w + (-249)/(-15).
17
Let o = 3 + -1. Suppose -w - o = 0, -25 = -5*j + 3*w - 4. Suppose j*v - 1 = -2*t, -2*t = 4*v - 6*t - 28. What are the prime factors of v?
3
Let u(y) = y**3 + 9*y**2 - 3*y - 10. What are the prime factors of u(-8)?
2, 3, 13
Let g = 458 - 319. List the prime factors of g.
139
Let p(z) = 3*z. Let o be p(-2). Let a be 4/(-6) + 134/o. Let j = -9 - a. What are the prime factors of j?
2, 7
Suppose 232 = -2*f + 7*f + 2*r, r = 1. List the prime factors of f.
2, 23
Suppose -2*b + 0*b + 26 = 0. List the prime factors of b.
13
What are the prime factors of (-20)/(-2) - (7 - 5)?
2
Let h(y) = -y**2 + 4*y + 5. Let z be h(6). Let x = z + 15. Suppose 0*u = 4*u - x. List the prime factors of u.
2
List the prime factors of 2088/7 - (-1)/14*-4.
2, 149
Let s(f) = 2*f - 1. Let r be s(2). Let v(p) = p**2 + 0*p - p + r*p. List the prime factors of v(3).
3, 5
Suppose 0 = -2*z - 2*z + 16. Suppose 7*x = z*x + 18. Suppose 0 = -f - 2*j + 11 + x, 3*f - 26 = -j. List the prime factors of f.
7
Let j(f) = 2*f**2 - 5*f - 7. List the prime factors of j(6).
5, 7
Let f = 495 + -336. What are the prime factors of f?
3, 53
Suppose 4*a + 0*a = 0. Let g be 34*(a - 3/(-6)). Let q = -8 + g. List the prime factors of q.
3
Let d(p) = -p - 19. Let f be d(-6). Let o = 18 - f. What are the prime factors of o?
31
Let v(o) = -o**3 - 7*o**2 + 7*o - 5. Let g be v(-8). Suppose 0 = 2*h + g*h + 25. Let r = 1 - h. What are the prime factors of r?
2, 3
Suppose -5*b + 86 = 3*v - 538, -b + 2*v = -117. List the prime factors of b.
3, 41
What are the prime factors of (4 + -304)/(-2) + 1?
151
Let c = 72 - 1. List the prime factors of c.
71
Suppose 0 = -0*x - 5*x. Let z = 11 + -6. Suppose x = z*o - l - 73, 0*l = 4*o + 3*l - 47. What are the prime factors of o?
2, 7
Let q = -16 - -29. Suppose 10 = w - q. What are the prime factors of w?
23
Suppose -3*p = -0*p - 48. Let n = p - -4. What are the prime factors of n?
2, 5
Suppose -7*o + 5*o = -56. What are the prime factors of o?
2, 7
Suppose -3*r - 4*q = -2*q - 13, 3*q - 17 = -2*r. Suppose -5*t = 3*o - 44, -3*t = 3*o + o - 44. Let b = r + o. What are the prime factors of b?
3
Let b be 6/2 - 1*5. Let h = -6 - -4. List the prime factors of 6/(0 - h) - b.
5
Suppose -8 = -4*f + 2*c + 12, 2*f - 3*c = 10. Suppose -m + 47 = 2*u, -12 = f*u + 5*m - 137. Let s = u - 14. What are the prime factors of s?
2
Suppose 5*q = -0*q + 2*j + 6, -3*q - j = 3. Suppose q*r = 4*r - 4*x - 84, 0 = -2*x. List the prime factors of r.
3, 7
Suppose 6*y - 458 - 736 = 0. What are the prime factors of y?
199
Suppose 2*y = 2*c - 2 - 16, -5*c = 5*y - 5. Suppose c*w + v - 50 = 0, 64 = 4*w - 3*v - v. What are the prime factors of w?
11
Let g = -98 - -187. What are the prime factors of